 What is the tens digit of h(l)?
8
Let q(u) be the third derivative of u**5/15 + 5*u**4/4 - 12*u**3 + 160*u**2. What is the thousands digit of q(14)?
1
Suppose -11*i = 69 - 9947. Let v = 911 - i. What is the tens digit of v?
1
Suppose 0 = 4*y - 4*f + 7992, -4*y - 3*f = 438 + 7582. Let a = -1068 - y. What is the hundreds digit of a?
9
Let y(m) be the second derivative of 21*m**4/4 - 2*m**3/3 + 15*m**2/2 - 15*m. Let k be y(3). Suppose -31*c + 29*c = -k. What is the hundreds digit of c?
2
Suppose 4*b = -w - 593, 5*w + 735 = 2*b - 2274. Let p be (-6)/9 - ((-5585)/15)/(-1). Let c = p - w. What is the tens digit of c?
2
What is the thousands digit of 447/(-13 + (-2775)/(-210))?
2
Let i(v) = -236*v + 11. Let d(h) = -h**3 - 12*h**2 + 3*h + 34. Let w be d(-12). What is the tens digit of i(w)?
8
Let h(o) = 0*o**3 + o**3 + 9 + 3*o**2 - 11*o - 6*o**2. Let c be h(5). Suppose -195 = -f - c*m, -4*f + 574 = -m - 274. What is the hundreds digit of f?
2
What is the units digit of (258/(-15))/((-19)/20995)?
6
Let w(p) = 152*p + 114 - 27 + 86 - 32. What is the tens digit of w(11)?
1
Suppose -175*b + 348*b - 6032856 = 0. What is the hundreds digit of b?
8
Let j(i) = 8609*i**2 - 35*i - 6. What is the hundreds digit of j(1)?
5
Suppose -2762 = 3*t + 4*k, 3*t = 2*k - 4*k - 2758. What is the hundreds digit of (4/(-13 - -5))/1*t?
4
Let a = -46 + 118. Let g be ((-294)/(-4))/((-43)/(-86)) + 4. Let b = g - a. What is the tens digit of b?
7
Suppose -2650927 + 242326 = -151*q. What is the tens digit of q?
5
Let r = 12923 - 5813. What is the tens digit of r?
1
Suppose 311 = -5*m - 304. Let g = -202 - m. Let w = -30 - g. What is the units digit of w?
9
Let r(l) = 6711*l + 7335. What is the ten thousands digit of r(8)?
6
Let m = -5995 - -9345. What is the tens digit of m?
5
Suppose -3*w - 2*y + 1052 = 0, -3*y + 1109 = 3*w + 62. Suppose -46*i = -49*i + w. What is the tens digit of i?
1
Let n(j) = -j**3 + 6*j**2 - 6*j + 14. Let m be n(5). Let y(w) = -m + 11 + 36 + 5*w. What is the units digit of y(11)?
3
Let v(g) = 240*g - 98. Let t be v(9). Let i = t - 1228. What is the units digit of i?
4
Suppose -17*u - 721 + 92 = 0. What is the tens digit of 120/20 - -3*(2 - u)?
2
Let t(c) = 7*c + 26. Let u(h) = -18*h - 66. Let v(y) = -12*t(y) - 5*u(y). What is the tens digit of v(0)?
1
Suppose -69530 = -27*s + 174415. What is the hundreds digit of s?
0
Let t(r) = 6*r**2 + 151*r + 1086. What is the units digit of t(-94)?
8
Suppose 0 = -12*n + 14*n - 38. Suppose w = -3*l + 2*l - n, -2*l = -w + 26. What is the units digit of ((-636)/l)/((-14)/(-35))?
6
Suppose 4*q - 3*x - 26 = 0, 0 = -2*q + 11*x - 8*x + 16. Suppose -q*r = 2*s - 3*r - 2, 3*s - 2*r = 18. What is the units digit of s?
4
Let u(b) = 1048*b - 2467. What is the tens digit of u(32)?
6
Let z(g) = 830*g**3 + 3*g**2 + 3*g - 1. Let a be z(-1). Let n = -515 - a. What is the units digit of n?
6
Suppose -371940 + 43482 = -78*u. What is the hundreds digit of u?
2
Suppose 236 = 3*l + 2*s, -2*s + 7*s = l - 107. Suppose 1 = -h + 4. Suppose 4*t - 2*f - l = 0, 4*t + h*f - 99 = -22. What is the tens digit of t?
2
Suppose 5*c + 2122 = 2*k + 7*c, -c + 5325 = 5*k. Suppose 9*v - k - 1265 = 0. What is the tens digit of v?
5
Suppose -4*f + 55048 = 4*d, -1952*f = -1953*f + 3*d + 13754. What is the units digit of f?
0
Suppose 1784564 = 34*p + 80246. What is the tens digit of p?
2
Suppose 816 = 3*o - 852. Let p = o + -47. What is the hundreds digit of p?
5
Suppose 3*a + 5*s = 219, 7*s = 3*a + 6*s - 219. Suppose 2271 - a = 7*z. What is the units digit of z?
4
What is the tens digit of 64/112*14 + (2 - 154066)/(-2)?
4
Let x(o) = -28*o - 38 - 14*o - 70*o - 83*o. What is the units digit of x(-5)?
7
Let h(k) = -k**2 - 4*k + 1. Let z be h(-5). Let v be ((-738)/(-21))/(z*1/(-28)). Suppose -8 = -2*j + v. What is the hundreds digit of j?
1
Let v = 1960 + 29579. What is the tens digit of v?
3
Let w(s) = 10*s**2 + 26*s + 1. Let c be -3*2*125/(-150). What is the hundreds digit of w(c)?
3
Suppose 92*f - 20*f - 572832 = 0. What is the hundreds digit of f?
9
Suppose -2*a = -0*a + 4*a. Let q = 424 - 232. Suppose a = o + 3*t - 204, 5*o = -4*t + 1179 - q. What is the hundreds digit of o?
1
Suppose 0 = 7*a - 311 - 221. What is the hundreds digit of ((-33117)/a)/(3/(-8))?
1
Suppose -4*x + 326 = 4*l + l, 2*x - 166 = -4*l. Suppose -o - 4*z = -47 - x, -2*z + 576 = 5*o. What is the hundreds digit of o?
1
Suppose 5*y - 3088 = -v, -20939 - 6730 = -9*v - 4*y. What is the hundreds digit of v?
0
Suppose 108 = -14*w + 8*w. Let d = w + 39. Suppose 32*u = d*u + 1507. What is the tens digit of u?
3
Suppose -3538*h = -3509*h - 501352. What is the hundreds digit of h?
2
Suppose -10*f = -2*f - 32. Suppose f*j - 236 = 5*a - 11, -j + 60 = -5*a. Suppose 2*k = 23 + j. What is the units digit of k?
9
Suppose 6*a = 2*a - 56. Let p = 120 + a. Suppose 5*y - o = -0*y + 112, -3*o = -5*y + p. What is the units digit of y?
3
Suppose 5*k - 28 + 13 = 0. Let s(r) = k*r + r - 5*r - 9*r - 35. What is the tens digit of s(-10)?
6
Suppose -6*l = -l - 2*c - 1194, -4*c = -5*l + 1198. Let w = 137 - l. Let s = 180 + w. What is the units digit of s?
9
Suppose 14 = -2*n + 18. Suppose -3*u - 30 = n*v, 4*u + 2 = 3*u. What is the units digit of (-983)/(-4) - (-2 + (-21)/v)?
6
Let g(v) = 302*v**2 - 73*v + 390. What is the units digit of g(5)?
5
Let p(o) = o**3 - 6*o**2 - 5*o - 10. Let q be p(7). Suppose 2457 = q*l + 5*l. What is the units digit of l?
3
Let y(k) be the second derivative of 26*k**3/3 - 65*k**2 - 100*k. What is the hundreds digit of y(19)?
8
Suppose -2*r - 138 = 3*q - 48, 0 = 3*r + 2*q + 125. Let m(b) = -37*b + 441. What is the units digit of m(r)?
4
Let d(b) = b**2 + 13*b - 2658. Let t(x) = -4*x + 887. Let r(p) = 2*d(p) + 7*t(p). What is the hundreds digit of r(0)?
8
Let n = -349 - -2861. Let v = n - 985. What is the tens digit of v?
2
Suppose 7*l + 181 = -50. Let v = l + 92. Let z = 107 - v. What is the tens digit of z?
4
Let y(z) = -10*z**2 + 23*z + 50. Let p(b) = 5*b**2 - 12*b - 26. Let g(k) = -7*p(k) - 4*y(k). What is the hundreds digit of g(-12)?
7
What is the hundreds digit of ((-298)/8)/(1625/(-540) - -3)?
0
Suppose 1 = 2*v + g - 2, 4*v + 4*g = 8. Let i be 6/24 + (v/(-4))/1. What is the units digit of -2 - -56*(i - -2)?
0
Let p be -12*1/((-16)/8). Suppose -p*v - 450 = -756. What is the tens digit of v?
5
Suppose 4*k - 2*g = 127794, -g + 68678 = -6*k + 260387. What is the hundreds digit of k?
9
Let b(f) = -262*f - 1747. What is the tens digit of b(-15)?
8
Let j(o) = -14*o**3 - 6*o**2 - 16*o - 117. What is the tens digit of j(-8)?
9
Suppose 5*u - 317 = -3*t, u - 4*t = 4*u - 188. Let k = u - 63. Let g(z) = 118*z**2 - z. What is the units digit of g(k)?
7
Let m(l) = -l. Let p(f) = 781*f - 1. Let c(g) = 2*m(g) - p(g). Let d be c(-1). Suppose 9*s - 5*s = d. What is the units digit of s?
6
Let a(j) be the third derivative of -49*j**4/24 - 17*j**3/6 + 35*j**2. Let n = 8 - 14. What is the tens digit of a(n)?
7
Let k(z) = -6822*z - 942. What is the thousands digit of k(-3)?
9
Suppose 4*n = 2*y + 8640, -2*y + 4*y - 8640 = -4*n. Suppose -66*a - n = -75*a. What is the hundreds digit of a?
2
Suppose -11*l = -7554 + 2637. Suppose 0 = 4*t - 2371 + l. What is the units digit of t?
1
Let h(j) = 21*j**2 - 7*j - 822. What is the ten thousands digit of h(27)?
1
What is the tens digit of -6*68/32*(-2000)/15?
0
Let u = -41727 + 85585. What is the thousands digit of u?
3
Let b = -166 - -362. Let k = 116 - b. Let a = 11 - k. What is the tens digit of a?
9
Suppose o + 52 = 143. Let c = -79 + o. What is the tens digit of c?
1
Let g be 6/((-2366)/(-591) + -4). Suppose 8*v - g - 3603 = 0. Suppose 3*t + 4*t = v. What is the units digit of t?
6
Suppose -17 = 2*c - w, 5*c + 37 = -w - 9. What is the units digit of c/(270/(-1885)) - (-1)/6?
3
Let t(u) = u**2 + 3*u - 125. Let d be t(-13). What is the hundreds digit of (d/10)/((-1)/(-1686))?
8
Let c(a) be the second derivative of a**5/20 - 5*a**4/12 - 5*a**3/2 + 2*a**2 + 94*a. Let f = 27 + -19. What is the units digit of c(f)?
6
Suppose -112 = 2*d + 4*p, 0*d + 2*d - 4*p = -152. What is the hundreds digit of (-12126)/(-22) + 12/d?
5
Let d = -1825 - -3985. Suppose 16*t - d = -2*t. What is the hundreds digit of t?
1
Let g(k) = 5*k**2 - 482*k**3 - 3*k**2 - 13 + 474*k**3 - 6*k**2. What 